is divided by 215?
212
What is the remainder when 112 is divided by 42?
28
What is the remainder when 846 is divided by 48?
30
What is the remainder when 278 is divided by 64?
22
Calculate the remainder when 66 is divided by 18.
12
Calculate the remainder when 567 is divided by 144.
135
Calculate the remainder when 6986 is divided by 26.
18
Calculate the remainder when 1180 is divided by 13.
10
What is the remainder when 446 is divided by 90?
86
What is the remainder when 399 is divided by 61?
33
Calculate the remainder when 9359 is divided by 80.
79
What is the remainder when 597 is divided by 239?
119
Calculate the remainder when 128 is divided by 11.
7
What is the remainder when 260 is divided by 44?
40
Calculate the remainder when 84 is divided by 52.
32
Calculate the remainder when 202 is divided by 106.
96
What is the remainder when 1467 is divided by 59?
51
What is the remainder when 1154 is divided by 59?
33
What is the remainder when 118 is divided by 20?
18
What is the remainder when 1842 is divided by 270?
222
Calculate the remainder when 229 is divided by 58.
55
Calculate the remainder when 363 is divided by 36.
3
What is the remainder when 5755 is divided by 20?
15
Calculate the remainder when 60 is divided by 41.
19
What is the remainder when 868 is divided by 79?
78
Calculate the remainder when 207 is divided by 53.
48
What is the remainder when 85 is divided by 41?
3
Calculate the remainder when 168 is divided by 139.
29
What is the remainder when 236 is divided by 20?
16
What is the remainder when 247 is divided by 63?
58
What is the remainder when 764 is divided by 190?
4
Calculate the remainder when 345 is divided by 25.
20
What is the remainder when 482 is divided by 122?
116
Calculate the remainder when 371 is divided by 34.
31
Calculate the remainder when 2159 is divided by 80.
79
What is the remainder when 186 is divided by 51?
33
Calculate the remainder when 417 is divided by 20.
17
What is the remainder when 169 is divided by 92?
77
Calculate the remainder when 8718 is divided by 10.
8
Calculate the remainder when 3693 is divided by 24.
21
Calculate the remainder when 7462 is divided by 24.
22
Calculate the remainder when 149 is divided by 50.
49
What is the remainder when 189 is divided by 10?
9
Calculate the remainder when 216 is divided by 104.
8
Calculate the remainder when 697 is divided by 50.
47
Calculate the remainder when 167 is divided by 14.
13
What is the remainder when 2236 is divided by 1110?
16
What is the remainder when 11474 is divided by 17?
16
What is the remainder when 337 is divided by 68?
65
What is the remainder when 639 is divided by 40?
39
Calculate the remainder when 918 is divided by 66.
60
What is the remainder when 24722 is divided by 43?
40
What is the remainder when 2935 is divided by 173?
167
What is the remainder when 1440 is divided by 720?
0
What is the remainder when 570 is divided by 188?
6
Calculate the remainder when 3013 is divided by 13.
10
Calculate the remainder when 58 is divided by 12.
10
Calculate the remainder when 725 is divided by 719.
6
What is the remainder when 646 is divided by 130?
126
Calculate the remainder when 92 is divided by 40.
12
What is the remainder when 1757 is divided by 3?
2
What is the remainder when 1031 is divided by 47?
44
Calculate the remainder when 917 is divided by 233.
218
What is the remainder when 290 is divided by 103?
84
Calculate the remainder when 1854 is divided by 29.
27
Calculate the remainder when 26 is divided by 8.
2
Calculate the remainder when 605 is divided by 75.
5
Calculate the remainder when 2789 is divided by 90.
89
Calculate the remainder when 70 is divided by 9.
7
Calculate the remainder when 20 is divided by 6.
2
What is the remainder when 5405 is divided by 52?
49
Calculate the remainder when 15 is divided by 9.
6
What is the remainder when 70 is divided by 33?
4
What is the remainder when 3092 is divided by 72?
68
Calculate the remainder when 740 is divided by 39.
38
Calculate the remainder when 335 is divided by 21.
20
What is the remainder when 501 is divided by 25?
1
Calculate the remainder when 503 is divided by 72.
71
What is the remainder when 6485 is divided by 2158?
11
What is the remainder when 438 is divided by 64?
54
Calculate the remainder when 82 is divided by 17.
14
What is the remainder when 248 is divided by 70?
38
Calculate the remainder when 772 is divided by 21.
16
Calculate the remainder when 471 is divided by 172.
127
What is the remainder when 1637 is divided by 63?
62
What is the remainder when 318 is divided by 20?
18
What is the remainder when 1442 is divided by 381?
299
What is the remainder when 407 is divided by 136?
135
What is the remainder when 668 is divided by 67?
65
What is the remainder when 118 is divided by 15?
13
Calculate the remainder when 118 is divided by 8.
6
Calculate the remainder when 657 is divided by 140.
97
What is the remainder when 1968 is divided by 58?
54
What is the remainder when 448 is divided by 90?
88
Calculate the remainder when 594 is divided by 194.
12
What is the remainder when 256 is divided by 38?
28
Calculate the remainder when 325 is divided by 60.
25
What is the remainder when 634 is divided by 17?
5
Calculate the remainder when 41002 is divided by 17.
15
Calculate the remainder when 219 is divided by 11.
10
Calculate the remainder when 710 is divided by 3.
2
Calculate the remainder when 25 is divided by 5.
0
What is the remainder when 304 is divided by 17?
15
Calculate the remainder when 736 is divided by 173.
44
What is the remainder when 49 is divided by 15?
4
Calculate the remainder when 75 is divided by 8.
3
Calculate the remainder when 1214 is divided by 14.
10
What is the remainder when 2067 is divided by 188?
187
What is the remainder when 8201 is divided by 28?
25
Calculate the remainder when 102 is divided by 36.
30
What is the remainder when 2598 is divided by 113?
112
What is the remainder when 670 is divided by 59?
21
What is the remainder when 509 is divided by 490?
19
Calculate the remainder when 962 is divided by 88.
82
What is the remainder when 581 is divided by 65?
61
Calculate the remainder when 1498 is divided by 108.
94
Calculate the remainder when 1322 is divided by 27.
26
Calculate the remainder when 729 is divided by 36.
9
Calculate the remainder when 166 is divided by 50.
16
Calculate the remainder when 1988 is divided by 51.
50
What is the remainder when 2681 is divided by 96?
89
Calculate the remainder when 1415 is divided by 168.
71
Calculate the remainder when 1055 is divided by 12.
11
What is the remainder when 4435 is divided by 51?
49
What is the remainder when 18 is divided by 13?
5
What is the remainder when 6084 is divided by 15?
9
What is the remainder when 405 is divided by 37?
35
Calculate the remainder when 1354 is divided by 86.
64
Calculate the remainder when 197 is divided by 29.
23
What is the remainder when 117 is divided by 46?
25
Calculate the remainder when 1018 is divided by 313.
79
Calculate the remainder when 249 is divided by 15.
9
What is the remainder when 226 is divided by 133?
93
Calculate the remainder when 830 is divided by 274.
8
Calculate the remainder when 629 is divided by 117.
44
What is the remainder when 1120 is divided by 33?
31
What is the remainder when 380 is divided by 36?
20
What is the remainder when 26302 is divided by 48?
46
What is the remainder when 437 is divided by 1?
0
Calculate the remainder when 34 is divided by 12.
10
Calculate the remainder when 48 is divided by 27.
21
Calculate the remainder when 254 is divided by 24.
14
Calculate the remainder when 8123 is divided by 21.
17
Calculate the remainder when 394 is divided by 80.
74
Calculate the remainder when 165 is divided by 24.
21
What is the remainder when 3915 is divided by 22?
21
Calculate the remainder when 92 is divided by 38.
16
What is the remainder when 708 is divided by 29?
12
What is the remainder when 323 is divided by 86?
65
What is the remainder when 2129 is divided by 164?
161
Calculate the remainder when 504 is divided by 39.
36
What is the remainder when 2532 is divided by 121?
112
What is the remainder when 96 is divided by 35?
26
What is the remainder when 1957 is divided by 487?
9
What is the remain